{"id":705,"date":"2023-01-22T12:22:15","date_gmt":"2023-01-22T11:22:15","guid":{"rendered":"http:\/\/obchudekuanny.cz\/?post_type=product&#038;p=705"},"modified":"2023-05-01T16:20:15","modified_gmt":"2023-05-01T14:20:15","slug":"saty-fialove-atut","status":"publish","type":"product","link":"https:\/\/obchudekuanny.cz\/?product=saty-fialove-atut","title":{"rendered":"\u0160aty fialov\u00e9 ATUT"},"content":{"rendered":"","protected":false},"excerpt":{"rendered":"<ul>\n<li>\u0160ati\u010dky pro mal\u00e9 princezny od velikosti 98 do velikosti 128.<\/li>\n<li>Polsk\u00e1 zna\u010dka ATUT.<\/li>\n<li>Lehk\u00fd a kvalitn\u00ed material .<\/li>\n<li>DOPORU\u010cUJEME pr\u00e1t na 40\u00b0.<\/li>\n<li>Skv\u011bl\u00e9 do letn\u00edch parn\u00fdch dn\u00ed.<\/li>\n<\/ul>\n","protected":false},"featured_media":706,"comment_status":"open","ping_status":"closed","template":"","meta":[],"product_brand":[],"product_cat":[77],"product_tag":[75,86,76,87],"class_list":{"0":"post-705","1":"product","2":"type-product","3":"status-publish","4":"has-post-thumbnail","6":"product_cat-saty-sukynky","7":"product_tag-atut","8":"product_tag-kocicka","9":"product_tag-saty","10":"product_tag-volanky","12":"first","13":"instock","14":"taxable","15":"shipping-taxable","16":"purchasable","17":"product-type-variable"},"_links":{"self":[{"href":"https:\/\/obchudekuanny.cz\/index.php?rest_route=\/wp\/v2\/product\/705","targetHints":{"allow":["GET"]}}],"collection":[{"href":"https:\/\/obchudekuanny.cz\/index.php?rest_route=\/wp\/v2\/product"}],"about":[{"href":"https:\/\/obchudekuanny.cz\/index.php?rest_route=\/wp\/v2\/types\/product"}],"replies":[{"embeddable":true,"href":"https:\/\/obchudekuanny.cz\/index.php?rest_route=%2Fwp%2Fv2%2Fcomments&post=705"}],"wp:featuredmedia":[{"embeddable":true,"href":"https:\/\/obchudekuanny.cz\/index.php?rest_route=\/wp\/v2\/media\/706"}],"wp:attachment":[{"href":"https:\/\/obchudekuanny.cz\/index.php?rest_route=%2Fwp%2Fv2%2Fmedia&parent=705"}],"wp:term":[{"taxonomy":"product_brand","embeddable":true,"href":"https:\/\/obchudekuanny.cz\/index.php?rest_route=%2Fwp%2Fv2%2Fproduct_brand&post=705"},{"taxonomy":"product_cat","embeddable":true,"href":"https:\/\/obchudekuanny.cz\/index.php?rest_route=%2Fwp%2Fv2%2Fproduct_cat&post=705"},{"taxonomy":"product_tag","embeddable":true,"href":"https:\/\/obchudekuanny.cz\/index.php?rest_route=%2Fwp%2Fv2%2Fproduct_tag&post=705"}],"curies":[{"name":"wp","href":"https:\/\/api.w.org\/{rel}","templated":true}]}}