{"id":3827,"date":"2025-11-16T14:53:36","date_gmt":"2025-11-16T13:53:36","guid":{"rendered":"https:\/\/obchudekuanny.cz\/?post_type=product&#038;p=3827"},"modified":"2026-04-12T16:49:06","modified_gmt":"2026-04-12T14:49:06","slug":"zimni-softshellove-kalhoty-s-berankem-gudo-cerne","status":"publish","type":"product","link":"https:\/\/obchudekuanny.cz\/?product=zimni-softshellove-kalhoty-s-berankem-gudo-cerne","title":{"rendered":"Zimn\u00ed softshellov\u00e9 kalhoty s ber\u00e1nkem GUDO \u010dern\u00e9"},"content":{"rendered":"<h2><strong>Softshellov\u00e9 zimn\u00ed kalhoty s ber\u00e1nkem \u010dern\u00e9 GUDO<\/strong><\/h2>\n<p><strong>Softshellov\u00e9 zimn\u00ed kalhoty<\/strong> GUDO v elegantn\u00ed <strong>\u010dern\u00e9 barv\u011b<\/strong> jsou ide\u00e1ln\u00ed volbou pro chladn\u00e9 dny. D\u00edky kvalitn\u00edmu <strong>softshellov\u00e9mu materi\u00e1lu<\/strong> poskytuj\u00ed vysokou odolnost proti v\u011btru i vlhkosti, zat\u00edmco vnit\u0159n\u00ed <strong>ber\u00e1nek<\/strong> zaji\u0161\u0165uje maxim\u00e1ln\u00ed <strong>teplo<\/strong> a <strong>komfort<\/strong> p\u0159i no\u0161en\u00ed.<\/p>\n<p>Tyto <strong>zimn\u00ed kalhoty<\/strong> jsou navr\u017eeny pro ka\u017edodenn\u00ed pou\u017eit\u00ed \u2013 skv\u011ble se hod\u00ed na <strong>proch\u00e1zky<\/strong>, <strong>sportovn\u00ed aktivity<\/strong> i voln\u00fd \u010das. <strong>Softshell<\/strong> je prody\u0161n\u00fd, ale z\u00e1rove\u0148 chr\u00e1n\u00ed p\u0159ed nep\u0159\u00edzniv\u00fdm po\u010das\u00edm, tak\u017ee se budete c\u00edtit pohodln\u011b i b\u011bhem dlouh\u00e9ho pobytu venku.<\/p>\n<p>Model <strong>GUDO<\/strong> vynik\u00e1 modern\u00edm st\u0159ihem, kter\u00fd zaru\u010duje <strong>stylov\u00fd vzhled<\/strong> a z\u00e1rove\u0148 praktickou funk\u010dnost. <strong>\u010cern\u00e9 softshellov\u00e9 kalhoty s ber\u00e1nkem<\/strong> se snadno kombinuj\u00ed s dal\u0161\u00ed zimn\u00ed garderobou a stanou se va\u0161\u00edm obl\u00edben\u00fdm kouskem pro celou sez\u00f3nu.<\/p>\n<div><\/div>\n","protected":false},"excerpt":{"rendered":"<ul>\n<li>Softshellov\u00e9 kalhoty 10 000 mm a 3 000 g\/m2\/24 hod<\/li>\n<li>h\u0159ejiv\u00fd material pod\u0161it\u00fd ber\u00e1nkem<\/li>\n<li>Skv\u011ble se hod\u00ed na zimn\u00ed radov\u00e1nky<\/li>\n<li>Vyv\u00fd\u0161en\u00fd pas<\/li>\n<li>Kapsy do kter\u00fdch se vejde spoustu v\u011bc\u00cd<\/li>\n<\/ul>\n","protected":false},"featured_media":3845,"comment_status":"open","ping_status":"closed","template":"","meta":[],"product_brand":[],"product_cat":[43,42,72,45],"product_tag":[],"class_list":{"0":"post-3827","1":"product","2":"type-product","3":"status-publish","4":"has-post-thumbnail","6":"product_cat-chlapecke-obleceni","7":"product_cat-divci-obleceni","8":"product_cat-softshellove-kalhoty","9":"product_cat-softshellove-kalhoty-podsite-fleecem","11":"first","12":"instock","13":"taxable","14":"shipping-taxable","15":"product-type-variable"},"_links":{"self":[{"href":"https:\/\/obchudekuanny.cz\/index.php?rest_route=\/wp\/v2\/product\/3827","targetHints":{"allow":["GET"]}}],"collection":[{"href":"https:\/\/obchudekuanny.cz\/index.php?rest_route=\/wp\/v2\/product"}],"about":[{"href":"https:\/\/obchudekuanny.cz\/index.php?rest_route=\/wp\/v2\/types\/product"}],"replies":[{"embeddable":true,"href":"https:\/\/obchudekuanny.cz\/index.php?rest_route=%2Fwp%2Fv2%2Fcomments&post=3827"}],"wp:featuredmedia":[{"embeddable":true,"href":"https:\/\/obchudekuanny.cz\/index.php?rest_route=\/wp\/v2\/media\/3845"}],"wp:attachment":[{"href":"https:\/\/obchudekuanny.cz\/index.php?rest_route=%2Fwp%2Fv2%2Fmedia&parent=3827"}],"wp:term":[{"taxonomy":"product_brand","embeddable":true,"href":"https:\/\/obchudekuanny.cz\/index.php?rest_route=%2Fwp%2Fv2%2Fproduct_brand&post=3827"},{"taxonomy":"product_cat","embeddable":true,"href":"https:\/\/obchudekuanny.cz\/index.php?rest_route=%2Fwp%2Fv2%2Fproduct_cat&post=3827"},{"taxonomy":"product_tag","embeddable":true,"href":"https:\/\/obchudekuanny.cz\/index.php?rest_route=%2Fwp%2Fv2%2Fproduct_tag&post=3827"}],"curies":[{"name":"wp","href":"https:\/\/api.w.org\/{rel}","templated":true}]}}