{"id":3800,"date":"2025-09-30T16:38:31","date_gmt":"2025-09-30T14:38:31","guid":{"rendered":"https:\/\/obchudekuanny.cz\/?post_type=product&#038;p=3800"},"modified":"2026-04-12T16:49:07","modified_gmt":"2026-04-12T14:49:07","slug":"softshellovy-komplet-gudo-bagr","status":"publish","type":"product","link":"https:\/\/obchudekuanny.cz\/?product=softshellovy-komplet-gudo-bagr","title":{"rendered":"Softshellov\u00fd komplet GUDO bagr"},"content":{"rendered":"<h3>\ud83e\uddd2 <strong>D\u011btsk\u00fd softshellov\u00fd komplet GUDO Bagr \u2013 maxim\u00e1ln\u00ed pohodl\u00ed a ochrana pro mal\u00e9 stavitele<\/strong><\/h3>\n<p>\ud83d\udc77\u200d\u2642\ufe0f <strong>D\u011btsk\u00fd softshellov\u00fd komplet GUDO Bagr<\/strong> je ide\u00e1ln\u00ed volbou pro aktivn\u00ed d\u011bti, kter\u00e9 miluj\u00ed <strong>stavebn\u00ed stroje<\/strong>. Stylov\u00fd motiv <strong>bagru<\/strong> zaujme ka\u017ed\u00e9ho mal\u00e9ho technika. Tento <strong>chlapeck\u00fd softshellov\u00fd komplet<\/strong> se skl\u00e1d\u00e1 z <strong>bundy<\/strong> a <strong>kalhot<\/strong>, kter\u00e9 spole\u010dn\u011b tvo\u0159\u00ed funk\u010dn\u00ed a pohodln\u00fd outfit do ka\u017ed\u00e9ho po\u010das\u00ed.<\/p>\n<p>\ud83c\udf27\ufe0f Vyroben z kvalitn\u00edho <strong>softshellov\u00e9ho materi\u00e1lu<\/strong> s <strong>vod\u011bodolnou<\/strong> a <strong>v\u011btruodolnou membr\u00e1nou<\/strong>, komplet chr\u00e1n\u00ed p\u0159ed <strong>de\u0161t\u011bm<\/strong>, <strong>v\u011btrem<\/strong> i <strong>chladem<\/strong>. D\u00edky <strong>prody\u0161nosti<\/strong> a <strong>elastick\u00fdm prvk\u016fm<\/strong> neomezuje v pohybu a je ide\u00e1ln\u00ed na <strong>jaro<\/strong>, <strong>podzim<\/strong> i <strong>m\u00edrnou zimu<\/strong>. Skv\u011ble poslou\u017e\u00ed jako <strong>p\u0159echodov\u00fd komplet<\/strong> pro ka\u017edodenn\u00ed no\u0161en\u00ed do <strong>\u0161kolky<\/strong>, <strong>\u0161koly<\/strong>, na <strong>h\u0159i\u0161t\u011b<\/strong> i <strong>v\u00fdlet<\/strong>.<\/p>\n<p>\u2728 Praktick\u00e9 detaily jako <strong>kapuce<\/strong>, <strong>reflexn\u00ed prvky<\/strong>, <strong>zip s ochranou brady <\/strong>zaji\u0161\u0165uj\u00ed bezpe\u010dnost, komfort a dlouhou \u017eivotnost. <strong>Softshellov\u00fd komplet pro d\u011bti GUDO Bagr<\/strong> je dostupn\u00fd v r\u016fzn\u00fdch <strong>velikostech<\/strong> a hod\u00ed se pro <strong>kluky<\/strong>, kte\u0159\u00ed cht\u011bj\u00ed b\u00fdt <strong>stylov\u00ed<\/strong>, <strong>v teple<\/strong> a <strong>v suchu<\/strong>.<\/p>\n","protected":false},"excerpt":{"rendered":"<ul>\n<li>Softshellov\u00fd komplet 10 000 mm a 3 000 g\/m2\/24 hod<\/li>\n<li>h\u0159ejiv\u00fd material pod\u0161it\u00fd fleecem<\/li>\n<li>Skv\u011ble se hod\u00ed do podzimn\u00edch i jarn\u00edch sychrav\u00edch dn\u00ed<\/li>\n<li>Vyv\u00fd\u0161en\u00fd pas u kalhot<\/li>\n<li>Velk\u00e9 kapsy do kter\u00fdch se vejde spoustu v\u011bc\u00ed<\/li>\n<li>KOLEKCE\u00a0<strong>2022<\/strong><\/li>\n<li>Dod\u00e1n\u00ed na objedn\u00e1vku je cca do 10 dn\u016f<\/li>\n<\/ul>\n","protected":false},"featured_media":3801,"comment_status":"open","ping_status":"closed","template":"","meta":[],"product_brand":[],"product_cat":[43,95],"product_tag":[],"class_list":{"0":"post-3800","1":"product","2":"type-product","3":"status-publish","4":"has-post-thumbnail","6":"product_cat-chlapecke-obleceni","7":"product_cat-softshellove-bundy","9":"first","10":"instock","11":"taxable","12":"shipping-taxable","13":"purchasable","14":"product-type-variable"},"_links":{"self":[{"href":"https:\/\/obchudekuanny.cz\/index.php?rest_route=\/wp\/v2\/product\/3800","targetHints":{"allow":["GET"]}}],"collection":[{"href":"https:\/\/obchudekuanny.cz\/index.php?rest_route=\/wp\/v2\/product"}],"about":[{"href":"https:\/\/obchudekuanny.cz\/index.php?rest_route=\/wp\/v2\/types\/product"}],"replies":[{"embeddable":true,"href":"https:\/\/obchudekuanny.cz\/index.php?rest_route=%2Fwp%2Fv2%2Fcomments&post=3800"}],"wp:featuredmedia":[{"embeddable":true,"href":"https:\/\/obchudekuanny.cz\/index.php?rest_route=\/wp\/v2\/media\/3801"}],"wp:attachment":[{"href":"https:\/\/obchudekuanny.cz\/index.php?rest_route=%2Fwp%2Fv2%2Fmedia&parent=3800"}],"wp:term":[{"taxonomy":"product_brand","embeddable":true,"href":"https:\/\/obchudekuanny.cz\/index.php?rest_route=%2Fwp%2Fv2%2Fproduct_brand&post=3800"},{"taxonomy":"product_cat","embeddable":true,"href":"https:\/\/obchudekuanny.cz\/index.php?rest_route=%2Fwp%2Fv2%2Fproduct_cat&post=3800"},{"taxonomy":"product_tag","embeddable":true,"href":"https:\/\/obchudekuanny.cz\/index.php?rest_route=%2Fwp%2Fv2%2Fproduct_tag&post=3800"}],"curies":[{"name":"wp","href":"https:\/\/api.w.org\/{rel}","templated":true}]}}