{"id":3481,"date":"2023-09-09T08:20:54","date_gmt":"2023-09-09T06:20:54","guid":{"rendered":"https:\/\/obchudekuanny.cz\/?post_type=product&#038;p=3481"},"modified":"2025-09-27T21:40:13","modified_gmt":"2025-09-27T19:40:13","slug":"softshellova-bunda-gudo-trakturek-2","status":"publish","type":"product","link":"https:\/\/obchudekuanny.cz\/?product=softshellova-bunda-gudo-trakturek-2","title":{"rendered":"Softshellov\u00e1 bunda GUDO trakt\u016frek 2"},"content":{"rendered":"","protected":false},"excerpt":{"rendered":"<ul>\n<li>Softshellov\u00e1 bunda 10 000 mm a 3 000 g\/m2\/24 hod.<\/li>\n<li>H\u0159ejiv\u00fd material pod\u0161it\u00fd fleecem.<\/li>\n<li>Skv\u011ble se hod\u00ed do podzimn\u00edch i jarn\u00edch sychrav\u00edch dn\u00ed.<\/li>\n<li>Lemy na ruk\u00e1vech obepnou ru\u010di\u010dku a ruk\u00e1vy nepadaj\u00ed.<\/li>\n<li>KOLEKCE\u00a0<strong>2023<\/strong><\/li>\n<li>N\u00e1\u0161 mal\u00fd model m\u00e1 na sob\u011b velikost 104<\/li>\n<li>\u010cepi\u010dka do setu v sekci \u010cEPICE<\/li>\n<\/ul>\n","protected":false},"featured_media":3482,"comment_status":"open","ping_status":"closed","template":"","meta":[],"product_brand":[],"product_cat":[43,95],"product_tag":[101,59,123,152,231,65,256],"class_list":{"0":"post-3481","1":"product","2":"type-product","3":"status-publish","4":"has-post-thumbnail","6":"product_cat-chlapecke-obleceni","7":"product_cat-softshellove-bundy","8":"product_tag-fleec","9":"product_tag-gudo","10":"product_tag-kluk","11":"product_tag-modra","12":"product_tag-softshell","13":"product_tag-softshellova-bunda","14":"product_tag-traktor","16":"first","17":"instock","18":"taxable","19":"shipping-taxable","20":"purchasable","21":"product-type-variable"},"_links":{"self":[{"href":"https:\/\/obchudekuanny.cz\/index.php?rest_route=\/wp\/v2\/product\/3481","targetHints":{"allow":["GET"]}}],"collection":[{"href":"https:\/\/obchudekuanny.cz\/index.php?rest_route=\/wp\/v2\/product"}],"about":[{"href":"https:\/\/obchudekuanny.cz\/index.php?rest_route=\/wp\/v2\/types\/product"}],"replies":[{"embeddable":true,"href":"https:\/\/obchudekuanny.cz\/index.php?rest_route=%2Fwp%2Fv2%2Fcomments&post=3481"}],"wp:featuredmedia":[{"embeddable":true,"href":"https:\/\/obchudekuanny.cz\/index.php?rest_route=\/wp\/v2\/media\/3482"}],"wp:attachment":[{"href":"https:\/\/obchudekuanny.cz\/index.php?rest_route=%2Fwp%2Fv2%2Fmedia&parent=3481"}],"wp:term":[{"taxonomy":"product_brand","embeddable":true,"href":"https:\/\/obchudekuanny.cz\/index.php?rest_route=%2Fwp%2Fv2%2Fproduct_brand&post=3481"},{"taxonomy":"product_cat","embeddable":true,"href":"https:\/\/obchudekuanny.cz\/index.php?rest_route=%2Fwp%2Fv2%2Fproduct_cat&post=3481"},{"taxonomy":"product_tag","embeddable":true,"href":"https:\/\/obchudekuanny.cz\/index.php?rest_route=%2Fwp%2Fv2%2Fproduct_tag&post=3481"}],"curies":[{"name":"wp","href":"https:\/\/api.w.org\/{rel}","templated":true}]}}